t is the value of -7 + (-4 - -6) - (-8 + 38)?
-35
What is 13 - ((-17 - -29) + 35 + 6)?
-40
What is 164 + -248 - (-135 + 14)?
37
What is the value of (89 - 1) + -9567 + 9540?
61
Evaluate 20 + -70 + -9 + 89.
30
79 + 134 + 27 + -145
95
Calculate 6 - -1 - (7164 - 7131).
-26
What is the value of (51 - -1 - 79) + (2 - 16) + (1 - -1)?
-39
What is the value of -14 - (10 - (29 + -14 + -24))?
-33
What is the value of 163 + (51 - 332) + (8 - (1 + 0))?
-111
Evaluate 1003 + -1009 + (1 - -29) + 40.
64
Calculate -4 + (-1 - (-6 - -13)) + (61 - 24) + -4.
21
What is the value of (265 - 440 - -54) + 1 + -5 + (0 - -2)?
-123
What is -118 - -65 - -68 - (7 - (0 + 3 + -5))?
6
What is 35 - -3 - ((-22 - (56 - 54)) + (9 - 0))?
53
What is (-72 - (-17 - (-38 - -35))) + 34?
-24
Calculate 35 + -1 + -26 + -18 + 33.
23
Calculate 29 + 1 + -3 + 11 + 49 + -54.
33
What is the value of -3 - ((35 - 21) + 50)?
-67
Evaluate (142 - 138) + (8 - (3 + 2 + -8)) - -1.
16
Evaluate -38 + 2 + 9 + -20 - -6.
-41
What is the value of -91 + 123 + 97 + -130?
-1
Calculate 31 + (20 - (1 - -15) - -7).
42
(139 - (-15 + 39)) + -94
21
87 + 65 + -113 - 75
-36
What is 13 + 2 - (-2 + 149 + (-8 - 20) + 24)?
-128
What is the value of (-51 + (-9 - -2) + -19 - -9) + (10 - -1)?
-57
What is the value of -156 + (85 - -5) - 7?
-73
What is -3 - ((-4 - -112 - 31) + -26)?
-54
(140 - (13 + 35) - (-12 + 3)) + (-2 - -1)
100
Evaluate (2 - (21 - 10)) + -9 + (8 - 5).
-15
18 + -8 - 31 - 5
-26
Calculate 22 - (-2 - -4) - (68 - 28).
-20
What is the value of 22 + (14 + 5 - 26 - -5) + -14?
6
Calculate (4 + 0 - (0 - -6 - 7)) + -48.
-43
Evaluate 56 - (-17 + 15 + 39).
19
Evaluate 103 + -120 + (13 - -47).
43
(47 + -17 - 20) + -32 + (5 - -2)
-15
What is the value of 14 + 0 - (34 + 0 + (-125 - -100))?
5
What is (-6 + 2 - -3) + 105 - ((14 - 39) + 37)?
92
Evaluate -3 - 21 - -20 - (1 + 0 + -9) - 91.
-87
Calculate 91 - 74 - (15 - 21 - (-3 + -1)).
19
(9 + -18 + 8 + 2 + -6 - 7) + 5
-7
What is -16 + -4 + 38 + -32?
-14
Calculate 66 - (-17 + 53) - (30 + 3).
-3
10 - (-119 - (59 + -144))
44
7 + (-40 + 36 - (3 + -28))
28
Calculate 142 + -108 - (-33 - 16).
83
Evaluate -65 - ((9 - -17 - 31) + 13).
-73
Evaluate -31 - (-10 - 39) - 6.
12
What is the value of 41 - 63 - -26 - (90 + (-3 - -4))?
-87
Evaluate -29 - (-78 + (26 - 3)) - -49.
75
Evaluate (-2 - 24) + (1531 - 1587).
-82
Evaluate -1 + -58 - (-12023 + 12042).
-78
51 + -13 + 40 + -70
8
Calculate -6 + -18 + 1 + (-40 - -57) + 65.
59
What is -133 + (-148 - -40) - -142?
-99
Evaluate 92 - (-114 - -412) - -109.
-97
-65 - (-84 - -56) - 48
-85
Calculate -24 + 1 - (-120 - -121 - -7 - (-3 + 0)).
-34
Evaluate (-4 - -87) + (23 - 28) - (22 + -11).
67
-3 + -2 + 2 + -9 + -11 - 5
-28
Evaluate -147 + 127 + -27 + 1 + 4 + -20.
-62
Calculate (2 - -4) + (2 - (-23 - -2 - -8) - 43).
-22
What is (-70 - -34 - -38) + 1 + 10 + -1 + -1?
11
19 - (-26 + 19 + -13 - -36)
3
What is the value of 42 - 19 - ((-21 - 2) + 37)?
9
What is the value of 1 + -5 + 3 + -10 + -17 + 6 + -14?
-36
23 + (70 - 66 - 58)
-31
12 + (-8 + 2 + -5 - (50 - (61 + -43)))
-31
Calculate 6 + 4 + (-24 - (-63 + 71)).
-22
What is 39 - 84 - (9 - 22)?
-32
What is (2 - 4 - -11) + (-274 - -277) - -12?
24
Evaluate 53 + -17 + (-12 + 39 - 3) + 15.
75
Calculate (-103 + 7 - -6) + -9 + 14 - (8 + 1).
-94
(170 - 53 - 14) + -41
62
Calculate (23 - (3 - (-11 - -16))) + (0 - -1).
26
What is the value of (1 + -7 - (7 - 9)) + 51?
47
Calculate (30 - 133) + (-66 - -61 - (1 + -2)).
-107
What is (51 + 207 - 92) + -96?
70
Calculate (-19 - (18 + -25)) + 3 + -3 + 12 + -8.
-8
-1 + (113 - (10 - -18) - (8 + -9 + 4))
81
-24 - -23 - (-11 - (-42 + 26))
-6
What is (11 - -4) + 70 + -63 + 23?
45
What is the value of 1 + 35 + (-856 - -803) + 15 + 3?
1
Calculate (35 + -21 - 18 - ((-7 - -5) + 14)) + 61.
45
What is (-2 - -9 - 21) + -4 + 9 + 57?
48
13 - (111 - (-7 + 23) - (0 + -2 - 2))
-86
What is the value of 46 - 20 - -13 - 35?
4
What is the value of 53 - -2 - (-22 + 4 - (4 - 30))?
47
What is -58 + 8 + 0 + 9 + -15 + -7?
-63
What is the value of -13 - (28 - 33) - (1 + 1 + 0 + -71)?
61
11 + 24 + -76 + 28 - -67
54
What is -36 + (13 - (6 - -11) - -17) + -14?
-37
What is the value of (-17 - -39 - 62) + -2 + (-4 - -2) + -1?
-45
What is the value of 48 + -17 + 5 - -56?
92
What is the value of 218 - 231 - (5 - 1 - (-4 + -6))?
-27
Calculate 13 - (43 + (-22 - 11)) - 72.
-69
What is the value of (81 - 0 - 97) + -21?
-37
Evaluate 5 - (2 + -10 + 12 + 3 + 10).
-12
(-32 + 45 - (0 - -9)) + -15 + 63 - 5
47
What is (0 - 0 - 5) + (-7 - -14) + (17 - 15)?
4
What is 174 + -164 - (-2 + 5 + -7 + -97)?
111
What is (61 + -1 - 1) + 16 + (-29 - (-2 + -7))?
55
What is the value of 10 - -103 - (-672 + 729)?
56
Calculate -39 + 12 + -15 + 0 + 2.
-40
What is 51 + 1 - (126 + 13)?
-87
Evaluate 14 + (-7 - 11) - (7 + -28 - -1) - -4.
20
-4 + 2 + 0 + -9 + 30 + -13
6
What is (4 - -15) + 0 + 6 + -11 + -6?
8
Calculate 65 - (46 + (-51 - (24 + -52))).
42
Evaluate 0 + -10 - (-82 + 96 + -83 + -3 + 4).
58
What is the value of (-2 - (3 - -5)) + -2 + 22 - 48?
-38
Calculate -49 - (33 - 50 - -57).
-89
What is the value of 106 + -117 - (-2 + -14 - 2) - 19?
-12
Evaluate (-16 - (2 - (3 + -2))) + -1761 + 1789.
11
What is the value of 10 - (1 - (-39 - -58)) - 80?
-52
What is the value of (-14 + 4 + -4 + 9 - -79) + -28 + 20?
66
What is 12 - (-104 - -49) - 76?
-9
What is 69 - ((9 - (-4 + 5)) + 47 + -58)?
72
Calculate 0 - (30 + -68) - 43.
-5
Evaluate -14 - 38 - (-68 - -100).
-84
What is (11 + 3 - 14) + (0 + -1 - -2)?
1
Evaluate -229 - -203 - (89 + -21).
-94
27 + -65 + 14 + 5 + 139
120
Calculate (35 - 128) + 128 + -102.
-67
(9 + (1 - (-3 + 3 + 4)) - 3) + 25
28
What is (24 - 16) + 0 - (-6 - 54)?
68
What is 1 + -10 + 1 + (-98 - (211 + -330))?
13
Evaluate 43 - (-29 - -9) - 46 - (1 + 11).
5
33 + (16 + 10 + 2 + -34 - (-23 + 1))
49
What is the value of (72 - 55) + -21 + (42 - 2)?
36
Calculate 46 + -40 + -15 + -4 + 26 - -44.
57
What is the value of -126 + 300 + -154 + (126 - -4)?
150
What is the value of -10 + (6 - -49) - (2 - 4)?
47
Evaluate -84 + -45 + 12 - -104.
-13
What is 15 + (67 + 14 - 12)?
84
What is the value of 1 - (-2 + 30 + -6) - (13 - 10)?
-24
What is (-10 - (-34 + 35)) + 0 + 8 + 0 - -1?
-2
(-6 - -33 - (8 - 0)) + 10
29
(93 - (18 - (-9 - 0))) + (1 - 7) + -2
58
-115 + (38 - (2 + 27) - (7 + 4))
-117
59 + (-4 - 2) + (-20 - -35) + -21
47
What is the value of 7 + -51 + 70 + -20?
6
Evaluate 36 - (25 + 96) - -55.
-30
What is the value of (-8 - 1) + (-3 + -2 - 16 - -27)?
-3
Evaluate 10691 + -10704 - (-1 - (27 + -4 - (-2 + -1))).
14
Calculate -1446 + 1415 + 72 + 2.
43
What is the value of 57 + 0 + 7811 + -7800?
68
What is 1 + 2 - (-23 + 24 + 6 + -7 - 4)?
7
Calculate 12 + (-2 - 6 - (12 - 0)).
-8
What is (-22 - -2) + -66 + 32 - (12 - (-3 - -8))?
-61
Calculate -10 + 2 + 1 + 3 + -5 - (-45 + 6).
30
Evaluate -6 - 2 - (-284 + 267).
9
Evaluate -38 + (-44 - (-36 + -25)) - -147.
126
What is the value of 15 + 1 - (-46 + (66 - -9 - 20))?
7
Calculate -1 + (-6 - 19) + 30 + 5.
9
Evaluate 100 - (46 + 28 - -16).
10
Calculate -30 + (-46 + 22 + 3 - -4).
-47
What is the value of -179 + 0 - (-27600 + 27479)?
-58
(-10 - 5 - -26) + (89 - 58)
42
(-74 - (-6 - 31) - -46) + -1 + -1
7
Evaluate 53 + -3 + 0 - (57 - (47 - -2)).
42
Evaluate -55 + (-8 - ((-16 - -1) + (44 - 27))).
-65
Calculate (-51 + 9 - 8) + (28 - 24).
-46
-111 + 122 - 65 - 20
-74
Evaluate 27 - (108 + 16 - 53).
-44
Evaluate -2146 + 2163 - (-2 - 14).
33
-3 + 2 + -4 - (-2 + 2) - (11714 + -11682)
-37
What is the value of 7893 + -7899 - (9 - -1)?
-16
Evaluate 15 + -55 + 2 + 16 + 73.
51
Evaluate (92 - (1 + 0) - (36 + -34 + -5)) + 7.
101
What is the value of (-8 + -32 - 5) + 76?
31
What is 26 + 0 - -7 - (7 + -3 - (0 - -3))?
32
Calculate (62 - 0 - 31) + -44.
-13
What is the value of 1 - -8 - (217 + -26 + -54 - 5)?
-123
Calculate (1 - 0) + 6 + (-17 - -9) + -15.
-16
Calculate 101 - 114 - (32 + -36).
-9
What is 1 + (-2 - (-13 - -5)) + (-8 - -6)?
5
Calculate 381 + -389 + (-9 - -2 - 14).
-29
-39 + -26 + 59 - (-5 - 56 - -2)
53
What is (-149 - (-32 + -113)) + (-82 - (0 - -1))?
-87
-4 + (15 - -24) + -37 + 108
106
-3 + (5 - 1) + ((-70 - 32) + 20 - -12)
-69
Calculate 1 + 0 + -1 + 43 + (-1924 - -1923).
42
What is the value of -4331 + 4318 + (0 - -49)?
36
What is (3 - 18 - (35 - 61)) + (-34 - -110)?
87
What is -6 - 11 - ((0 - 3) + -4 - 7)?
-